 - 8*b. Suppose 6*r - 2*r = b. Is r a prime number?
True
Suppose d = -2*b + 5, -d + 6*b = b + 23. Let i = -3 - d. Let t = i - -38. Is t a composite number?
True
Suppose -f = 2*f + 162. Let v be (-3 - -2)*(-3 + 94). Let w = f - v. Is w a prime number?
True
Let t = 186671 - 110580. Is t a composite number?
False
Let t(d) be the second derivative of -511*d**5/20 + d**4/12 + d**3/3 + d**2/2 - 10*d. Is t(-1) prime?
False
Suppose 4*k - 2391 - 2213 = 0. Is (k + 26)*(1 - 0)*1 composite?
True
Let t be (-36)/28 - 4/(-14). Suppose -7*s + 16 = -3*s. Is (-2)/(s/134)*t a composite number?
False
Let l(q) be the second derivative of -q**5/20 - 2*q**4/3 + q**3/2 + 3*q**2/2 + 7*q. Is l(-9) prime?
False
Let f be 28/6 - 4/6. Suppose 4*y = -3*h + 2*y + 101, -91 = -3*h - f*y. Is h prime?
True
Let q = 5 + 12. Let s(v) = v - 17. Let x be s(q). Suppose x*k = 7*k - 6209. Is k a composite number?
False
Let b = -17 + 19. Suppose 19 = -b*p + 3*j + 5568, 5*j + 13860 = 5*p. Is p a prime number?
True
Let j be 3/(-4) - (-36)/48. Let b be j/1 + 5 + -4. Is (1932/(-48))/(b/(-4)) a composite number?
True
Let n(r) = -14*r**2 + 9*r - 10. Let t be n(3). Let m = 206 + t. Is m composite?
False
Let q(j) = 101*j**3 + j**2 - 1. Let n be q(1). Let c = n - 67. Suppose 2*i - 40 = c. Is i a prime number?
True
Suppose 0 = 3*v - 18 + 3. Suppose 0 = k - 4*t - 609, v*k + 67 - 3040 = 2*t. Is k composite?
False
Suppose -4476 = -i - d, -d = 2*i + 4*d - 8937. Is i a prime number?
True
Let t = 9120 - 5615. Is t prime?
False
Let p be (6/8)/((-9)/(-36)). Let v(h) = 5 - 6*h**p + 3*h**2 + 4*h + 3*h**3 - 6. Is v(-4) composite?
False
Let q = -68 + -89. Let l = -81 - q. Let b = l + 3. Is b a prime number?
True
Suppose 0*p - 6 = -p. Suppose -p*r = -4*r - 292. Let f = 761 + r. Is f prime?
True
Let k = 4525 + -2552. Is k a composite number?
False
Suppose 1876 = 8*c - 4*c. Is c a composite number?
True
Let z be (1 + 1)/2 - -1. Let o be -1*-1*(-466)/(2 - 4). Suppose -z*l = -21 - o. Is l prime?
True
Let r = 7126 - -841. Is r a prime number?
False
Is (-75602)/(-6) + (-4)/(-6) a prime number?
True
Let r be 4/6*27/(-6). Let g(o) = -3*o**2 - 39*o + 45. Let i(u) = 2*u**2 + 19*u - 23. Let v(n) = r*g(n) - 5*i(n). Is v(15) composite?
True
Suppose -h = -3*h - 6, 0 = -4*o - 3*h + 127. Let j = -18 + o. Suppose 18*s - 1084 = j*s. Is s composite?
True
Suppose 5*g + 1028 = -3*i, -4*g + g + 3*i = 636. Let p = g - -498. Suppose -p = -4*b + 218. Is b a prime number?
True
Let d(t) = t**2 - 5*t - 2. Let k be d(5). Let j(i) = 10*i**2 - 5*i + 1. Let v(w) = 9*w**2 - 4*w + 1. Let x(u) = -5*j(u) + 6*v(u). Is x(k) prime?
False
Is 98706/27 - -3 - 10/(-45) prime?
True
Suppose -9*c - 3952 = -12*c - k, -3*k - 15 = 0. Is c a prime number?
True
Suppose 7*d = 8*d - 2332. Let h = d - 11. Is h composite?
True
Let p be ((-2)/(-5))/(((-8)/(-2))/40). Is 29 + 2252 + p/1 composite?
True
Let x = 28 - 30. Is x/3 + 4257/27 prime?
True
Let b = 71854 + -49047. Is b prime?
True
Is (4/(-6))/((20/101145)/(-2)) a composite number?
True
Suppose 7*g - 4*g + 3108 = 0. Let q = g - -1787. Is q a composite number?
False
Let u(c) = 89*c**3 - 5*c**2 - 17*c - 4. Is u(5) composite?
True
Let h(x) = x**3 + 4*x**2 + 2*x + 2. Let n be (5 - -1) + 7 + -6. Let a be h(n). Let u = a + -332. Is u prime?
True
Let a = -18 + -28. Let k = a - -103. Is k a prime number?
False
Let c = -172 - 287. Let h = 68 - c. Is h prime?
False
Let n = 2328 - 3666. Let q = -944 - n. Is q a prime number?
False
Let v be (-3 - -9 - (-1)/1) + -1. Suppose i - 792 = -q, q - v*q - 3*i + 3950 = 0. Is q composite?
False
Suppose -35*h - 45159 = -38*h. Is h a composite number?
False
Let s = 712 - -5779. Is s a prime number?
True
Let m(j) = 3*j**2 - 3*j - 2 - 9 + 4. Let x(v) = -4*v**3 + 2*v**2 + v. Let d be x(-1). Is m(d) composite?
False
Suppose -2*i = 3*m - 2347, i + 0*i = 5*m - 3890. Let w = m + 18. Is w a composite number?
False
Suppose 3*g - 72 = 7*g. Let w be ((-1860)/g)/((-6)/(-9)). Suppose 0 = -5*j + c + 214 + 572, 2*c - w = -j. Is j a composite number?
False
Let q(j) be the second derivative of 2*j**4 - j**3/3 - j**2/2 + 9*j. Is q(-1) a prime number?
False
Suppose 0*k + 45 = 5*k. Suppose -75 = 6*h - k*h. Is h composite?
True
Let d(p) = -p**2 + 4*p + 5245. Let b be d(0). Suppose 14*i = 19*i - b. Is i composite?
False
Suppose u + 4*u - 3*z = -16727, 0 = -4*u + 3*z - 13381. Let t = 5879 + u. Is t a prime number?
False
Let x(m) = m**2 + 12*m - 2. Let a be x(-10). Is (-5)/2 - 5753/a a prime number?
False
Let t be (-289 + 6)/((-1)/1). Let v = 436 + t. Is v prime?
True
Let r(p) be the third derivative of -p**6/120 - p**5/15 - 5*p**4/24 + 2*p**3/3 - 2*p**2. Let b = -3 - 3. Is r(b) composite?
True
Suppose 37*p - 144673 - 54424 = 0. Is p composite?
False
Suppose 7*r = 121117 + 73602. Is r prime?
True
Suppose -9*y = -18*y + 1989. Is y prime?
False
Let h(r) = 193*r - 118. Is h(17) a composite number?
False
Let i(c) be the third derivative of 59*c**4/6 + c**3/6 + 2*c**2. Is i(1) prime?
False
Let y(k) = k**2 + 2*k - 5. Let s(h) = -h**3 + 6*h**2 - 4*h - 3. Let d be s(6). Let z be (1*3)/(9/d). Is y(z) prime?
False
Suppose -3*g - 2*g = -30. Let v(p) = -4*p + g*p**2 + 0 - 3*p**2 - 5*p**3 - 2*p**2 - 1. Is v(-3) a prime number?
False
Let i(h) = -3*h**2 + 9*h - 5. Let o(u) = 3*u**2 - 10*u + 5. Let p(g) = -5*i(g) - 4*o(g). Let d = -3 + 5. Is p(d) a prime number?
True
Suppose 0 = -5*i + 4*i + 7. Let c(w) = w**3 - 3*w**2 + 4*w - 1. Let o(h) = 2*h**3 - 7*h**2 + 7*h - 1. Let m(g) = -5*c(g) + 3*o(g). Is m(i) prime?
False
Let r(x) = -x**3 - 2*x**2 - 12*x - 7. Let a be (0 - -2)/((-13)/39). Is r(a) composite?
True
Let f(r) = -47*r**3 + 4*r**2 + 13*r - 7. Is f(-3) prime?
True
Suppose 5*p + 9060 = l, -17694 = -3*l + p + 9472. Is l a composite number?
True
Let g(i) = i**3 + 10*i**2 + 7*i - 3. Suppose 2*a = -8 - 8. Let h be g(a). Let o = -31 + h. Is o prime?
False
Let x(z) = -21*z + 75*z - 21*z + 11 + 8*z**2 - 14*z - 13*z. Let q be (-2 - -2) + (1 - 12). Is x(q) composite?
True
Let j(d) = 7 + d - 8*d + 11*d - 3*d**2 + 2*d**3. Is j(6) prime?
False
Let k = -5421 - -9283. Suppose -k = -12*z - 1258. Is z a composite number?
True
Is (-218667)/(-72) + 29/(-696) a prime number?
True
Suppose 33989 = t + 4*h, 0 = 4*t + 9*h - 5*h - 135980. Is t a prime number?
True
Let g(x) = -8*x - 12. Let j be g(-2). Suppose -704 = -c - y + 6*y, 5*y = j*c - 2861. Is c composite?
False
Let x be (-2)/(-3)*(-60)/8. Let q(n) = -2*n - 1. Let r be q(7). Let w = x - r. Is w a prime number?
False
Suppose -1642 = -16*d + 15*d. Is d a composite number?
True
Let g(b) = -b + 1. Let t be g(-3). Suppose -5*r + 15 = -2*r + t*s, -r = s - 5. Suppose 0 = 3*k, -3*x + 266 = -r*k - 115. Is x a composite number?
False
Let h(y) = y**3 - 12*y**2 - 11*y - 23. Let w be h(13). Suppose 0*c - 2*c = w*i - 215, -3*i - 4*c + 217 = 0. Is i a prime number?
True
Let y(l) be the second derivative of -l**3/2 - 13*l**2/2 + l. Let o be y(-6). Suppose n - o*v + 10*v - 139 = 0, 0 = v - 1. Is n prime?
False
Let b(h) = 2*h**2 - 5*h + 51. Let i be b(12). Let d = -116 + i. Is d a composite number?
False
Suppose -8*c - 3*c = -59081. Is c composite?
True
Let a(n) = n + 4. Let y be a(-7). Let g be (87/(-2))/(y/4). Suppose g = -0*v + v. Is v composite?
True
Let c(h) be the second derivative of 7*h**5/20 + h**4/6 - h**3/6 + 3*h**2/2 + 10*h. Let i(p) be the first derivative of c(p). Is i(-4) a prime number?
False
Suppose b = -w + 111, 0*w = -3*w - b + 327. Let l = -3 - -254. Let v = l - w. Is v a prime number?
False
Let p = -79 + 65. Let m = 75 - p. Is m prime?
True
Let a = 18278 + -9769. Is a prime?
False
Suppose -2*c + 3*t = -c - 1681, -3*c = -t - 5075. Is c prime?
True
Let p(s) = -s**2 - 3*s - 1. Let d be p(-1). Let i be (-6)/(-8)*4 + d. Suppose -3*j + 2*w = -287, 0*j - i*j + 4*w + 384 = 0. Is j a composite number?
True
Let q = 781 + 5740. Is q a prime number?
True
Suppose -40 = -4*a + 148. Suppose -5*h + 277 = a. Is h a prime number?
False
Let c = -44 + 46. Suppose 3*n = -2*w + 3587, 2*n + 1733 = c*w - 1879. Is w prime?
True
Let b be 10/15 + (-8)/(-6). Suppose 2*v - 106 = -4*w, -3*v - b*w + 159 = -3*w. Is v composite?
False
Let o(v) = -2*v**2 + 41*v + 39. Let g be o(21). Is (6/g)/((-2)/(-1266)) composite?
False
Let t = -50 - -54. Is 6148 - (t + 5/(-5)) composite?
True
Suppose 4*x + 4 = -4. Let n be (-1)